- -1. Suppose 0*u = 2*u - c. What is the highest common divisor of 20 and u?
10
Suppose -p - 2*z = 2*p - 12, -5*p + 20 = -3*z. Let g be 313/7 - p/(-14). Let y be 0 + 1 - 42/(-3). Calculate the greatest common divisor of y and g.
15
Let r(h) = 8 - h**2 - 7*h + 2*h**2 - 4. Let u be r(8). Let i = 5 - 2. Calculate the greatest common factor of u and i.
3
Let h(m) = 2*m**2 + 5*m - 19. Let t be h(-11). Calculate the greatest common factor of 21 and t.
21
Let h be -3*1*(-680)/(-15). Let y = -82 - h. Let l = 4 - -2. What is the highest common factor of y and l?
6
Let y = -6 - -9. Suppose -5*v + y*v = -12. Let b be (-3 + 4)*-1 - -55. What is the highest common divisor of b and v?
6
Let v be (-2 + -1)*(-5 + (-8)/(-2)). What is the greatest common divisor of 24 and v?
3
Let u(q) = 2*q**2 + q + 2. Let k be u(-4). Suppose 2*d = -3*d - 245. Let s = 26 - d. What is the highest common divisor of s and k?
15
Let j be 11/((-11)/(-6)) + -2. Calculate the greatest common factor of j and 12.
4
Suppose -2*o + 16 = -3*t, 0 = -4*t + o - 2*o - 25. Suppose -35 = 2*q - 11. Let k be (t/(-8))/((-1)/q). Calculate the greatest common divisor of k and 3.
3
Let y be 2/5 - 18/(-5). Let i be (-4)/(y/(-9)) + 1. Let j be ((-160)/6)/2*-3. What is the highest common divisor of i and j?
10
Suppose -16 + 4 = -2*m. Let i be (0 - 69/m)*-2. What is the greatest common factor of i and 253?
23
Let b be (-100)/(-6) + (-8)/12. Let l = b + -11. Calculate the greatest common factor of 2 and l.
1
Let u(f) = -f + 7. Let c be u(0). Let b = 87 + -52. Let n = b - -14. What is the highest common divisor of n and c?
7
Let x = -71 - -76. What is the greatest common divisor of x and 35?
5
Suppose 8 = -3*h - 1, -k - 3*h + 15 = 0. Calculate the highest common factor of k and 16.
8
Let x be (-5)/10*(0 - 26). Let q = 3 + -7. Let f = x + q. What is the greatest common divisor of f and 27?
9
Let a(n) = n**2 - 2. Let g be a(2). Calculate the highest common factor of 14 and g.
2
Let b = -3 - -3. Suppose b = -m + 4*q + 23, m + 1 = 4*m + 5*q. Let r(a) = a**2 - 5*a - 6. Let t be r(m). What is the highest common factor of t and 32?
8
Let i be ((-48)/4)/(-1) + -3. What is the highest common divisor of 99 and i?
9
Suppose 0 = -5*l + 83 - 13. Let q be (-1 - -113)*1/(-1 - -3). Calculate the highest common factor of q and l.
14
Suppose 2*a + 3 = a. Let k = -1 - a. Let d be 4/2 + 108 + k. What is the highest common divisor of d and 16?
16
Suppose 0 = l + 2*l - 180. Calculate the highest common factor of 12 and l.
12
Let j = -31 + 36. What is the greatest common divisor of 5 and j?
5
Let a = 6 + -1. Suppose 5*c - 338 = 2*m - 0*m, -a*m + 310 = 5*c. Let y(j) = -j. Let s be y(-6). What is the highest common divisor of c and s?
6
Let l(f) = -2*f**2 + 7*f - 4. Let j be l(7). Let o = 7 - j. Let w = 26 + -2. What is the greatest common divisor of w and o?
12
Let i = -139 - -148. Suppose s + 4*h = 44, 3*s = -2*s - h + 182. What is the greatest common factor of i and s?
9
Let n(g) = g**3 + 0 + 1 + 2 - 6*g + 4*g**2. Let x be n(-5). Suppose 0 = 2*c + 2*c - 32. Calculate the greatest common factor of x and c.
8
Let l(c) = -27*c - 1. Suppose -4 + 16 = 3*g. Suppose -g*b - 2 = -2*b. Let a be l(b). Calculate the highest common divisor of a and 13.
13
Let i(q) = q**2 - 5*q + 4. Let k be i(5). Suppose 0 = k*j, -2*j - 8 = -2*v - 2*v. Let a be (-1 + v)*8*1. What is the greatest common divisor of 24 and a?
8
Suppose 13*l = 86 + 460. What is the highest common factor of l and 105?
21
Let i be 1/1*(0 + 2). Suppose -i*u + 32 = -0*u. What is the highest common factor of u and 16?
16
Suppose 0 = 4*h + 3*x - 196, -3*x = -3*h - 0*x + 147. What is the greatest common divisor of 14 and h?
7
Suppose -2*l = -4*m - 4, -2*l + 3*l - 23 = -5*m. Let r be 40/6 + 3 + (-15)/9. What is the highest common divisor of l and r?
8
Suppose 4*l = 3*t - 102, 130 = 4*t + 2*l + 16. Let n be (50/t)/((-1)/(-21)). Calculate the greatest common divisor of 14 and n.
7
Suppose 56 = d - 3*d. Let i be 458/10 + 6/30. Let s = i + d. What is the highest common factor of 2 and s?
2
Suppose 3*a + 5*g - 28 - 4 = 0, 2*g = -5*a + 85. Suppose -a = -5*c + 4*c. Calculate the greatest common factor of c and 152.
19
Let d = 66 + -12. What is the highest common divisor of 27 and d?
27
Let f(c) = -15*c - 15. Let v be f(-17). Calculate the highest common divisor of 15 and v.
15
Suppose -g - x + 5*x + 47 = 0, -g + 5*x + 50 = 0. Let t = 6 - 5. Let f be t*(-3)/((-9)/15). Calculate the greatest common divisor of g and f.
5
Let p = 3 - -16. Calculate the highest common divisor of 209 and p.
19
Let d = 138 - 73. Let t(n) = -n**3 - 2*n**2 - 2*n - 2. Let b be t(-3). Calculate the greatest common divisor of d and b.
13
Let o be 1/(3*3/27). Suppose 0*q - 3*q = -5*s + 140, 0 = 3*s + o*q - 60. Calculate the highest common divisor of 50 and s.
25
Let k(i) = i**3 - 5*i**2 - 2*i + 4. Let j be k(5). Let r be -5*(-2)/((-4)/j). Let y = 74 - 44. What is the highest common divisor of r and y?
15
Let s(r) = r**2 - 10*r - 3. Let u be s(13). Calculate the greatest common factor of u and 18.
18
Let j(k) = k**2 + k - 3. Let g be j(-3). Suppose 0*d + 3*d - g = 0. Calculate the greatest common divisor of d and 4.
1
Let u be (-208)/(-26) + 0 + 2*1. What is the greatest common factor of 90 and u?
10
Let q = -46 - -76. What is the highest common factor of 45 and q?
15
Let x = 160 - 61. What is the highest common factor of x and 9?
9
Suppose -3*t = -t - 42. What is the greatest common factor of t and 3?
3
Let s(f) = 3*f + 10. Let a be s(15). Let t be 6/21 - 66/(-14). Calculate the highest common divisor of t and a.
5
Suppose 0*g + 81 = 9*g. Calculate the greatest common divisor of 45 and g.
9
Let g be 8/(-24) - 446/(-6). What is the highest common divisor of g and 185?
37
Suppose 6*i = 5*g + 2*i - 42, 5*g = -5*i + 15. Suppose g*q - 2*c - 7 = q, -3*q + 5*c = 11. Let y = 10 - -5. What is the greatest common divisor of q and y?
3
Let q(p) be the first derivative of -3*p**2/2 - 10*p - 7. Let k be q(-6). Calculate the highest common divisor of 4 and k.
4
Suppose 0 = -3*t + 135 + 75. Calculate the greatest common divisor of 10 and t.
10
Suppose 2*h - 5*c + 13 = -2*h, 4*c - 23 = -h. Let a be (13/(-2))/(2/20). Let q = -44 - a. What is the greatest common factor of h and q?
3
Suppose -2*m + 3 = -3*i, 13 - 4 = 3*m - 3*i. Calculate the highest common factor of 48 and m.
6
Suppose -3 = -y - 8. Let f be (-23)/(-3 + y/(-2)). Calculate the highest common factor of f and 23.
23
Let a be (0 - 12)*(-25)/2. Let l = 431 - 296. Suppose -l - a = -3*b. What is the highest common divisor of 19 and b?
19
Suppose -3*f + 5 = -1. Suppose -f*i - 14 = -j, -j - 4*i + 10 = -7*i. Calculate the greatest common factor of 242 and j.
22
Let x(l) = -23*l + 1. Let s(v) = -70*v + 2. Let g(f) = -5*s(f) + 16*x(f). Let i be g(-5). What is the highest common factor of i and 12?
12
Let c = 1 + 67. Suppose -t - 5*w = 18, 72 = -4*t + 3*w - 2*w. Let i = t - -35. Calculate the greatest common divisor of i and c.
17
Let x be (-42)/(-4)*(-24)/(-7). What is the greatest common divisor of x and 4?
4
Let f(m) be the second derivative of m**3/6 + 6*m**2 - m. Let s be f(0). Let q(o) = 5*o + 4. Let d be q(4). What is the greatest common factor of s and d?
12
Suppose 0 = -5*z + h - 3*h + 469, 4*z = -h + 377. Calculate the greatest common factor of z and 38.
19
Suppose 0 = -12*n - 0 + 624. Calculate the greatest common factor of n and 13.
13
Let z(g) = g + 2. Let k be z(4). Suppose -m - 2 = -3*m. Let c be (-97 + 1)*m/(-2). What is the highest common divisor of c and k?
6
Suppose -3*j + 12 = 0, -4*v = -3*v - 3*j - 5. Let h be (3/2)/((-6)/(-136)). Calculate the greatest common divisor of v and h.
17
Suppose 4*v - 164 = -3*y, -3*y - 2*v = 3*v - 163. Calculate the greatest common factor of y and 448.
56
Let u = 224 + -119. What is the greatest common divisor of 35 and u?
35
Suppose -36 = -2*h + 24. Suppose -5*q + 2*k + 151 = 3*k, 2*q - 42 = -5*k. Let i = q - 19. What is the highest common divisor of i and h?
6
Let g be (-3)/12 + 162/8. Let d(w) = 14*w - 6. Let t be d(4). Let r be t - (-2 + 4 + -2). What is the greatest common factor of g and r?
10
Suppose -2*w + 4*c + 208 = 0, 100 = w - 0*w - 3*c. Calculate the greatest common factor of 16 and w.
16
Let j = -20 - -24. What is the 